ase 5?
1022020
b23b5 (base 12) to base 8
705271
Convert 103042043 (base 8) to base 13.
3847418
Convert -1889a (base 13) to base 4.
-23220000
Convert 2003011002 (base 4) to base 6.
15301350
Convert -240200433 (base 6) to base 13.
-c14aa8
What is -215b6c (base 14) in base 11?
-702016
What is 1462521 (base 10) in base 3?
2202022012110
1624623 (base 7) to base 12
aa240
Convert 2140f (base 16) to base 7.
1105051
-20401434 (base 5) to base 12
-8196a
What is 118787 (base 12) in base 10?
284503
Convert -104838 (base 11) to base 5.
-20324014
What is -951416 (base 10) in base 14?
-1aaa24
255736 (base 8) to base 6
1524142
Convert -1520052 (base 7) to base 14.
-55399
What is -270964 (base 11) in base 5?
-102110443
-4a9e69 (base 15) to base 10
-3577374
-101100001011010 (base 2) to base 14
-8358
What is -10012203303 (base 4) in base 2?
-100000110100011110011
What is 1001200012 (base 3) in base 5?
1132103
Convert -ca7477 (base 14) to base 9.
-13812541
What is -14022443 (base 9) in base 3?
-111000202111110
2455915 (base 10) to base 3
11121202212211
-9b1ba (base 12) to base 13
-7295b
Convert -783069 (base 10) to base 6.
-24441153
Convert 1a2aa15 (base 13) to base 15.
b54379
What is 1b27b2 (base 13) in base 7?
5606056
What is 132473 (base 12) in base 9?
530276
254115 (base 9) to base 11
a5702
What is -2044005 (base 6) in base 2?
-11000010000100101
-46133350 (base 7) to base 12
-1421547
What is 14200033 (base 5) in base 7?
1151155
-121002422 (base 5) to base 13
-169271
Convert -325ce (base 16) to base 7.
-1516263
5388 (base 11) to base 16
1bca
581ac4 (base 15) to base 6
230104004
7a4c6 (base 14) to base 8
1104536
-3a87c (base 16) to base 6
-5045524
347208 (base 12) to base 3
1120202202222
What is -152d2b (base 15) in base 8?
-3714410
-3503b (base 13) to base 2
-10111100111001110
-110023332203 (base 4) to base 12
-193256b
1131002101 (base 4) to base 3
201100201211
What is 10222210211202 (base 3) in base 13?
593b31
Convert 1001010001120 (base 3) to base 2.
10000111000110001001
-110000100001100101111 (base 2) to base 7
-16341516
111001101101010011 (base 2) to base 10
236371
Convert -1220a3 (base 12) to base 8.
-1075773
What is 24e03 (base 16) in base 14?
3d08b
What is 2b93c (base 15) in base 10?
140457
22033112132 (base 4) to base 16
28f59e
Convert -13336b1 (base 12) to base 4.
-32133330211
Convert -11325713 (base 8) to base 15.
-33b776
What is -ab6266 (base 13) in base 4?
-33122200001
Convert 1014223442 (base 5) to base 11.
120608a
What is -901358 (base 10) in base 6?
-31152542
101201032 (base 5) to base 9
688031
12271430 (base 8) to base 10
2716440
-102100122020010 (base 3) to base 12
-2030970
-235028 (base 9) to base 7
-1126253
What is -14aa9 (base 14) in base 7?
-303102
What is -416b (base 14) in base 16?
-2c03
What is -118124 (base 10) in base 9?
-200028
839019 (base 15) to base 13
13b113a
What is -41874 (base 11) in base 2?
-1110111000010000
What is -2e18d (base 16) in base 15?
-3ae28
What is -7bcd7 (base 14) in base 10?
-301637
-2151115 (base 6) to base 12
-5249b
What is -351051 (base 7) in base 6?
-1202433
Convert 16dc5 (base 16) to base 2.
10110110111000101
Convert 25373c (base 14) to base 9.
2356217
What is 1345884 (base 9) in base 14?
153561
What is 11122433 (base 6) in base 12?
143419
-20020122122200 (base 3) to base 9
-6218580
What is 101040 (base 9) in base 4?
32212212
-3011111 (base 4) to base 16
-3155
What is 248208 (base 9) in base 2?
100100101101001000
Convert -65c5 (base 14) to base 4.
-10103101
What is 156577 (base 8) in base 12?
28993
90d53 (base 16) to base 3
1010010202200
What is -317317 (base 9) in base 13?
-6809b
-11002653 (base 7) to base 13
-26cb29
Convert -14a6a5 (base 11) to base 4.
-321010212
Convert -32876a2 (base 12) to base 4.
-210300030122
-47670 (base 11) to base 12
-338b8
What is -1101210012211 (base 3) in base 14?
-155081
Convert 213213103 (base 4) to base 3.
22020120121
101100110110011001001 (base 2) to base 13
3c5c14
-102122102001 (base 3) to base 6
-4525044
Convert -61071 (base 13) to base 8.
-523127
-67949 (base 10) to base 8
-204555
What is 7459e (base 15) in base 13?
cc041
What is -425453341 (base 6) in base 14?
-1007645
What is -b8675 (base 14) in base 7?
-3534505
What is 10b997 (base 15) in base 6?
25041311
5554461 (base 11) to base 2
100101001010011100111100
What is 10210320342 (base 5) in base 9?
22010418
What is -1020633 (base 10) in base 7?
-11450415
1234523 (base 6) to base 14
1a68b
Convert 255440 (base 7) to base 16.
b9c6
7a9162 (base 11) to base 7
13634040
-201210222112 (base 3) to base 8
-1371562
857ad (base 14) to base 6
10525221
1670410 (base 8) to base 3
220202222112
Convert -5a022d (base 15) to base 4.
-100122230002
What is -2341965 (base 11) in base 5?
-2021243310
bfd9 (base 16) to base 8
137731
What is -5088620 (base 10) in base 2?
-10011011010010101101100
Convert -672247 (base 12) to base 13.
-456484
What is -251244 (base 7) in base 12?
-22810
Convert 1985a7a (base 12) to base 13.
1171798
Convert 5045540 (base 7) to base 12.
24b165
Convert -15372545 (base 8) to base 12.
-1226519
-1010001010000011010110 (base 2) to base 11
-1559509
Convert a072b (base 12) to base 2.
110010111000010011
Convert -4acab (base 14) to base 11.
-115a46
2831c (base 13) to base 5
4401410
Convert 187ba6 (base 14) to base 7.
10236466
-2045663 (base 7) to base 10
-246956
What is 2034956 (base 11) in base 16?
36d52f
What is 222121333302 (base 4) in base 12?
3881216
1001011111011111111 (base 2) to base 10
311039
Convert -255149 (base 10) to base 2.
-111110010010101101
Convert 730a3 (base 16) to base 5.
110034303
Convert 200012112100 (base 3) to base 11.
225241
32067723 (base 8) to base 7
112114302
Convert -210455025 (base 6) to base 3.
-20220212001122
Convert -21011100202102 (base 3) to base 5.
-1433242211
Convert -10001110111000011011 (base 2) to base 13.
-1764c9
Convert -2244211 (base 5) to base 7.
-226145
Convert -246735 (base 8) to base 14.
-2320d
25041222 (base 7) to base 3
11020002002200
Convert 131326 (base 10) to base 3.
20200010221
What is 63322a0 (base 12) in base 14?
26b7360
What is -10837b9 (base 13) in base 10?
-5063223
-111001010011 (base 2) to base 16
-e53
202884 (base 10) to base 7
1503333
Convert -25142433 (base 7) to base 11.
-1305a63
Convert 113244201 (base 5) to base 2.
10000000001001111110
128104 (base 11) to base 3
101012212101
What is -38345 (base 12) in base 11?
-52541
What is 846599 (base 12) in base 15?
2b2ac0
Convert 325535 (base 6) to base 7.
142211
-10301201320 (base 4) to base 10
-1251448
Convert -2334502 (base 8) to base 9.
-1171125
-2425001 (base 6) to base 14
-34973
1227544 (base 11) to base 2
1000001000101110110011
What is -10131521 (base 6) in base 8?
-1072251
What is 40413440 (base 5) in base 11?
203023
What is 220030202 (base 5) in base 16?
e55a3
-25c742 (base 16) to base 10
-2475842
Convert -63532 (base 9) to base 10.
-41987
Convert 3365261 (base 9) to base 2.
110111011000010101010
Convert 5039a8b (base 12) to base 2.
111001010000010111001011
Convert -200034110 (base 5) to base 12.
-319607
6a9a8 (base 11) to base 13
37791
What is -1001101001010101 (base 2) in base 11?
-27758
What is -187c2 (base 13) in base 8?
-134566
Convert -11012313012 (base 4) to base 11.
-834971
What is 171004 (base 8) in base 10?
61956
What is -332331310 (base 4) in base 13?
-90511
Convert 2244434131 (base 5) to base 6.
300454320
What is -102030320102 (base 4) in base 6?
-250133322
155e60 (base 15) to base 11
645901
Convert ad30b (base 14) to base 8.
1465117
What is -3142213401 (base 5) in base 16?
-64b98d
11010110000110010 (base 2) to base 10
109618
What is -205150533 (base 6) in base 4?
-31300212321
-5735261 (base 11) to base 3
-200212212212112
Convert -1362783 (base 11) to base 2.
-1000111100110010110000
What is -3230024 (base 5) in base 11?
-38373
Convert -132777 (base 8) to base 6.
-555411
-1042403333 (base 5) to base 11
-1338468
-5492533 (base 11) to base 16
-930cd9
-1021111020022020 (base 3) to base 16
-117af7d
15c6ba7 (base 13) to base 11
3a7a167
What is -10001000011100111 (base 2) in base 3?
-10112211112
Convert 223785 (base 9) to base 15.
29abb
What is 1300938 (base 15) in base 2?
110100001001100110101100
3c190 (base 15) to base 7
1431624
Convert -55165 (base 11) to base 2.
-10011100010110100
What is -10551657 (b